 2*g + 3*g. Suppose y + y = d. Is y composite?
True
Let y(i) = i**2 + 2*i - 6. Let b be y(-4). Suppose 4 - b = d. Is 1/d + (-1950)/(-12) composite?
False
Let b be 9/15 - (-5)/((-25)/(-2)). Is 2/6*(808 + 5)*b prime?
True
Let g = 118468 + -74667. Is g prime?
True
Suppose -3*p = -9*p. Suppose 3*l - 15 = p, 0 = -3*s + 2*l + 694 + 217. Is s prime?
True
Is (-96 + 91)*(-93802)/10 a composite number?
False
Let f be 38*(3/2 - 2). Let a = f - -17. Is (-662)/(-8) - a/8 composite?
False
Let q(h) = -16573*h + 30. Is q(-1) a composite number?
False
Suppose -13*a + 30*a = 207349. Is a composite?
False
Let g be (-2 - -17)*9/(-27). Is ((-158)/g)/(11/55) a prime number?
False
Let z be 10/(-4) + 72/16. Suppose 4*f - 4*w = 1952, -w - 5 = -z. Is f a composite number?
True
Let t = 5367 - 1876. Is t a composite number?
False
Suppose -6*a = -h - 3*a + 4, -5*h - 3*a + 2 = 0. Let b(q) = 211*q. Is b(h) a composite number?
False
Let r(h) = -35*h - 5. Let b be r(20). Let k = 2594 + b. Is k a composite number?
False
Let n(c) = 42*c**3 + 2*c**2 - 19*c + 54. Is n(5) prime?
False
Suppose 2*m - k - 540 = -5*k, -4*k - 540 = -2*m. Suppose -179 - m = -n. Is n a prime number?
True
Let f = -5717 - -9408. Is f a composite number?
False
Let z = 46225 - 24992. Is z prime?
False
Let f be (-2 + -3 + 0)/(-1). Suppose -29 = -3*n - f*x, 3*x - 2*x = 4*n - 8. Suppose 4*a = 3*a + n*j + 362, -5*j + 354 = a. Is a a prime number?
True
Let p = 463 + -231. Suppose -5*y = -p - 24073. Is y a composite number?
False
Let p be (-6)/(-4) + (-3)/(-2). Suppose 3*j - p*d - 3138 = 0, 5233 = j + 4*j - 4*d. Is j a prime number?
True
Let b(g) = -g**3 + 9*g**2 - g + 12. Suppose -27 - 9 = -4*i. Let c be b(i). Suppose -2*w = -3*k - 437, -c*k + 618 = w + 2*w. Is w a composite number?
False
Suppose -3*z + 2 = -2*z, -6 = -4*b + 5*z. Suppose 3*l = 9, b*x + l - 6049 = -1722. Is x composite?
True
Let o(j) = 968*j**2 + 3*j - 4. Is o(1) composite?
False
Let s = -1590 + 939. Let k = s + 944. Is k a composite number?
False
Let w(v) = 103*v**2 - 46*v - 226. Is w(-5) prime?
True
Suppose 0 = 21*i + 5 - 89. Let k be 0*(-2)/4 + 4. Suppose -k*y - 3*p - 426 = -1436, 996 = i*y - 4*p. Is y prime?
True
Let z be (-28)/(-35)*((-14)/4 - -1). Let l(g) = 524*g**2 - 4*g - 5. Is l(z) a composite number?
False
Suppose -438 = -2*k + 5*x, -3*k + 3*x + 173 = -466. Is k prime?
False
Suppose -5*u + 1630 = -4*t, u + 0*u - 4*t = 326. Suppose u = 4*k - 478. Is k a composite number?
True
Let z = 828 + -1563. Let x = z + 321. Let q = -265 - x. Is q prime?
True
Suppose 2484601 = 239*p - 222*p. Is p a prime number?
False
Suppose 6*u - 8941 - 16241 = 0. Is u a composite number?
True
Let w(h) = -66*h - 5 - 113*h + 48*h + 0. Is w(-2) a composite number?
False
Suppose -4*n - 5*s = -32644, -4*n - 11*s + 32644 = -9*s. Is n a prime number?
True
Let g = -2672 + 9047. Suppose -10653 = -5*c - 2*f, -3*c + 0*f + g = -3*f. Is c composite?
False
Let i be ((1 - -2)*2)/(-2). Is (-1 + i/(-6))*-2386 - 0 prime?
True
Suppose -4*g + 2*g - 3*s + 18 = 0, -2*s = 3*g - 17. Let r be -1 - (-3 + g) - 15. Let j = r + 35. Is j a prime number?
True
Suppose 0 = -5*o + 4*g + 93895, -o + 21*g + 18779 = 23*g. Is o composite?
True
Suppose -6275 = -14*r + 8873. Is r prime?
False
Is -2 + -4 + (4 - -3573) a composite number?
False
Suppose 0 = 4*k + 24. Is (-3)/9 - 7544/k composite?
True
Let d = -8586 - -15051. Suppose -2*y = 3*y - 5*m - d, -y - 3*m = -1301. Suppose 4*w + 1036 = 4*a, -w = -7*a + 2*a + y. Is a composite?
True
Suppose 6*o = 10*o - 12. Let j be o + -30*8 + -2. Is ((3 - 2) + -2)*j composite?
False
Let w = 1 - 3. Let s be ((-16)/12)/(w/237). Let t = s - 69. Is t composite?
False
Suppose 2*w - 3*j - 15614 = 0, -4*j - 16 + 0 = 0. Is w composite?
True
Let g(x) = x. Let k(q) = -4*q - 9. Let i(b) = -5*g(b) - k(b). Let j be i(5). Suppose j*z + 512 = 4*l, -266 = -2*l - 0*l + 4*z. Is l composite?
True
Suppose -2*j = -5*t - 2267 - 9519, -3*t + 11818 = 2*j. Is j prime?
True
Let k(x) = -567*x - 376. Is k(-5) a prime number?
True
Let x = 14206 - 6149. Is x a composite number?
True
Suppose -l + 3 = 2. Suppose l - 3 = -k. Suppose k*a - 4 = 0, 0 = -2*v + 3*a + a + 6. Is v composite?
False
Suppose -w = 2*q, 3*q + 3*w - 7 = -1. Is (7609/(-35))/(q/(-20)*-2) composite?
False
Let h(g) be the first derivative of -g**4/2 - g**3 - 3*g**2/2 - 12*g - 7. Let t be h(-8). Is t/(-2)*2/(-4) composite?
False
Suppose 0 = l - 3*c - 14, -5*l - 5*c = -3*l + 5. Suppose a - l*a = -28. Suppose -2*h + 922 = 3*o, -h + 487 = 2*o - a*o. Is h prime?
True
Let y(w) = -6*w - 45. Let d be y(-8). Let x(a) = -a**3 + 4*a**2 - 3*a. Let n be x(2). Suppose -d*b = -n*l - l - 1752, b = -2*l + 581. Is b a prime number?
False
Let m(y) = 46*y + 3 + 576*y + 84. Is m(7) a prime number?
True
Let u(c) = 2*c**3 - 4*c**2 + 1. Let r be u(3). Let f(a) = 3*a - 19. Let t be f(7). Suppose -n = -t*n + r. Is n prime?
True
Suppose -2*n + 5*m + 10 = 27, -3*n - m + 17 = 0. Suppose 5*r - 244 = -n*x, 0 = -x + 2*x + 2*r - 64. Let p = x - 30. Is p prime?
False
Let c(m) = -m**3 + 14*m**2 + 41*m - 33. Is c(14) composite?
False
Let m(h) = 8*h + 4 + 3 + 7*h. Let l = -80 + 84. Is m(l) composite?
False
Suppose -4*i + 0*i + 765 = t, 5*i = 2*t - 1465. Is t/15*(-3 - -6) composite?
False
Suppose p - 5125 = 4*w, 3*w - 25717 = -84*p + 79*p. Is p a composite number?
True
Let g = -8996 - -13857. Is g composite?
False
Let a be 1 - (0/(-2) + -3). Suppose -4*u + 2*f = 6*f - 20, 0 = -a*u + f. Is u/4 - 15141/(-28) a composite number?
False
Suppose 0 = -3*k - 575 - 1921. Let x = -3045 + 4326. Let o = x + k. Is o a composite number?
False
Let i(z) = -4 - 2 - 1530*z + 3 + 1630*z. Is i(1) composite?
False
Suppose -4*y + 169 = 5*z - 339, 0 = -3*z + 3*y + 321. Let t = 266 - 262. Suppose -m - 3*m + 20 = 0, t*x = -4*m + z. Is x prime?
False
Let l = 6 + 0. Let q(y) = -4*y**2 - 2*y - 7. Let s(o) = -5*o**2 - 3*o - 7. Let w(a) = -4*q(a) + 3*s(a). Is w(l) a composite number?
False
Let p be 2/8 - (-31674)/24. Let h = p - 650. Let a = h - 453. Is a prime?
False
Suppose 3 = 2*w + 9. Let r be 5/3*(w + 6). Suppose 4*o = -r*v - 78 + 583, 5*o - 25 = 0. Is v prime?
True
Let k(x) = 5*x**2 + 6. Suppose 3*o + 26 = s + 10, 4*s = -2*o + 8. Let p(b) = b**3 - 3*b**2 - 3*b + 3. Let t be p(s). Is k(t) composite?
False
Let j = 18 - 14. Suppose o + 0*t = -j*t - 296, -2*o + 4*t = 652. Let q = o - -503. Is q a composite number?
True
Suppose -3*i - 160 + 2957 = -2*z, 4*i - 3756 = -4*z. Let b = i - 637. Is b prime?
False
Let y = -8758 + 16767. Is y prime?
True
Suppose 8*g = 13*g + 610. Let a = g - -571. Is a prime?
True
Suppose 3*n + 4 = 4*n. Suppose p - 582 = -2*u - 3*p, n*p = 5*u - 1455. Is u prime?
False
Let u(i) be the third derivative of -209*i**4/24 - i**3/6 - 5*i**2. Let o be u(-2). Let c = o + -238. Is c a composite number?
False
Let y(k) = -k**3 - 6*k**2 - 6*k + 3. Let w be y(-5). Suppose -4728 = -0*t - w*t. Is t prime?
False
Let f = -343 - -3. Let o = 1261 + f. Is o prime?
False
Let r(c) = -2*c + 2. Let j be r(-8). Suppose 2*y + 6 = 2*t, 5*y + t - 5*t = -j. Is (-1011)/y - 1/(-2) a composite number?
True
Suppose 6 = v + 38. Suppose 3*g + 26 = -31. Let c = g - v. Is c a prime number?
True
Suppose 0 = -22*o + 25*o - 15, 4*s + 2*o = 1790. Is s composite?
True
Let i(z) = -z**2 - 8*z - 12. Let g be i(-5). Is (g + 2054 - 6) + -1 + 1 a composite number?
True
Let r(a) = a**3 - 8*a**2 - 6*a + 8. Let f be r(9). Suppose 0 = 4*j - 5*s - f - 10, 0 = 2*j - 3*s - 21. Is ((-5)/j)/((-1)/201) a prime number?
True
Let t(h) = 7*h**3 - 25*h**2 + 19*h - 66. Is t(13) a prime number?
False
Let w be ((-11)/3 + 3)/(1/(-9)). Suppose -1378 - 29012 = -w*r. Is r prime?
False
Suppose 0 = -6*u + 3*u + 6. Suppose h - 1539 = v, u*h - 3*h - 5*v = -1563. Is h a composite number?
False
Let s(x) = -7*x**3 + 15*x**2 - 7*x - 27. Is s(-8) prime?
False
Let t = 50723 + -24414. Is t prime?
True
Suppose l + 4*y = 10131, 2*l + 5*y - 15985 = 4292. Is l composite?
False
Suppose 58*u - 62*u + 110564 = 0. Is u prime?
False
Let p(g) = -g**3 + 5*g**2 - 3*g + 1. Let r be p(4). Suppose 0 = -r*t + 4*k + 40, t - k = -5*k - 16. Let u(j) = 16*j**2 - 2*j + 1. Is u(t) prime?
False
Let z be 8/2 - (-3 - -2). Suppose 0 = -2*b + 3*o + 50 + 123, 106 = b + z*o. Suppose -y + 68 = -b. Is y composite?
True
Let x = -7 - -14. Suppose 5*j - a + 414 = 0, x*a + 62 = -j